11 - (53 - 17).
-38
-14 + 9 + -45 + 10
-40
Calculate -1 + 26 - (-127 + 127) - (22 + -25).
28
What is the value of 80 + -21 + 18 - 102?
-25
Calculate 3 + (4 - 14) + 4 + 13.
10
Calculate (6 + 2 - -1) + (-243 - -218).
-16
What is the value of -147 + 45 + 104 + 30?
32
(-6 - -1) + 0 + -25 + 8 + 54
32
-83 + 0 + (-1 - -37 - (2417 - 2369))
-95
Calculate -7 + ((-12 - -11) + 4 + -8 - (-5 - 9)).
2
Calculate 66 + 2 - (1057 - 1043).
54
98 + (-672 - -640 - (1 + -13))
78
4 + -15 + (-106 - -10) + 9 - 5
-103
What is the value of 23 - (5 - (-18 - (1 - 5)))?
4
What is the value of 20 + -8 + -10 + (4 - -17) + (-1 - 8)?
14
Calculate (0 + 6 - (-51 - -53)) + -12 - -63 - 10.
45
1 + 45 - (-25 + 20 + -3 + 11)
43
-25 - ((0 - -27) + -102 + 92)
-42
86 + (38 + -93 + 14 - 0)
45
What is -36 - ((0 - 30) + 35)?
-41
Calculate (721 - 724 - (23 + 1)) + -34.
-61
Evaluate -11 + -63 + -1 + -1 + -84 + 96.
-64
What is the value of (-6 - (-5 + 26)) + (0 - 45)?
-72
27 + -13 + (-28 - -17) + -33
-30
(1 - -12) + -110 + 85 + (3 - -29)
20
What is the value of -3 + -14 + -22 + 143 - 31?
73
What is 117 - 141 - 4 - (2 + -132)?
102
What is the value of 9 - (-17 + 11 + 20) - (49 - -1)?
-55
What is -9 + (12 + -11 + -6 - -18) + 33 + -3?
34
Calculate 0 - (9 - 0) - (208 - (-181 - -368)).
-30
What is the value of 57 + -4 + 44 + -55 - -25?
67
Evaluate -10 - -5 - 3 - 1.
-9
What is (1 - 11) + -27 - (-6 + 8 + -9)?
-30
What is -1 + (1 + -10 - -13) + -10 + 4 - 5?
-8
What is the value of (-7 - 22) + (2 - (-43 - -18))?
-2
58 + 53 + -53 - 34
24
What is the value of -2 - 22 - (53 + -34 - 13)?
-30
What is the value of -63 - (6 + -133) - 129?
-65
What is 2 + (-18 - 1) + (-778 - -762)?
-33
Calculate -18 + (28 - -2) + (-44 - -63).
31
What is 2 - (-1 + -1 - (673 - 659))?
18
(-16 - (1 - 2)) + 27 + (-44 - -13)
-19
Evaluate -351 + 389 + (3 - 84) + 31.
-12
What is the value of (-36 - -20) + (-31 - 3) + 12?
-38
What is -167 + 5 + 125 - 53?
-90
What is the value of -37 + (13 + -28 - -21)?
-31
What is the value of (-88 - -44) + 41 + -8?
-11
What is 4 - -2 - 1 - (-2616 - -2664)?
-43
Evaluate -11 + 7 - (6 + 8 + -24).
6
Evaluate 4 + (-32 - -178) + 1 + (-16 - (-4 + 2)).
137
Evaluate (-46 + (52 - 19) - (1 + -59)) + -1 + 0.
44
What is -14 + (-1 - -1) - (151 - (200 + -75))?
-40
Calculate 1 + -35 - (-1 + -1 - (-466 + 456)).
-42
Calculate -9 + (2 + -5 - -6) + (-29 - -32) + 1.
-2
8 + -42 + 27 + 0 + 5 + 1 - -115
114
What is the value of 141 + -64 - 114 - -18?
-19
-8 + -7 + (26 - -3)
14
What is the value of (-19 - (-66 - -16)) + 7?
38
Calculate (-17 + 28 - -5) + 29 + -5.
40
Evaluate (-1 + -1 - 11 - 1) + (-7572 - -7625).
39
What is the value of -1 - (-8 + -66 - -23) - 5?
45
Calculate (111 - 30) + 31 + -118.
-6
What is the value of 61 - (-45 - -117 - -24)?
-35
Evaluate 96 + -71 - 22 - (0 - -4).
-1
-2 + 88 + 2104 + -2200
-10
What is -6 - ((-23 - -14) + -2) - 20 - 50?
-65
Calculate 6 - (-6 + 75 + -52).
-11
Calculate 124 - 128 - (3 - (7 + 2)) - 51 - 0.
-49
Calculate (-22 - 1) + 18 + (7 - 16).
-14
Calculate -7 + (5 - 5) + -3 - -4 - (-43 - -7).
30
What is -95 - (-53 - -48 - 34)?
-56
Calculate -1 - ((14 - 24) + 29 + -17).
-3
Evaluate (-1 + 8 + -6 - 7) + 14.
8
What is (-13 + -1 - -1) + 74 + (-23 - 27 - 5)?
6
What is -18104 + 18120 - ((3 - 1 - 1) + -40)?
55
What is the value of (-1 - 69) + (2927 - 2796)?
61
-4 - -19 - (-343 - -318)
40
Evaluate 42 - (4 + (19 + -5 - 8) + -15 + 10).
37
What is 16 + (51 - (36 - -42))?
-11
What is the value of -7 + (36 - (14 + -32 + 21))?
26
What is the value of 3 + ((6 + -12 - 0) + 11 - 13)?
-5
(-9 - (-31 + 109 + -19)) + 3 + 1 + 14
-50
What is (-13 - 4) + (-87 - -112)?
8
5002 + -4959 + (3 - (3 - 21) - -1)
65
Evaluate (-10 - (6 - -16 - 51)) + -30.
-11
What is the value of 2 - -141 - (22 - (-14 + (-51 - -85)))?
141
Evaluate -15 + 7 - (-33 + -17) - (16 + -22).
48
What is the value of -32 - (-3 + 0) - (-457 + 522)?
-94
What is -54 - 6 - -3 - (-25 + 27)?
-59
-35 + 5 + -154 + 78
-106
Evaluate (2 - -48 - (0 + -5)) + -43 + -5 + 44.
51
Calculate 39 - 1 - (-22 + (9 - -14) + 0).
37
What is 26 + (-2 + -21 - -15) - 13?
5
Evaluate (12 - 2 - 44) + (-6 - (-6 - 2)).
-32
Evaluate 32 + 35 + -44 + 4.
27
Calculate -17 - (11 + -5 + -8 + -28).
13
(1 - (0 - 8)) + 17 + (36 - -20) + -86
-4
Evaluate -28 + 23 + (66 - -11) + 32.
104
Calculate (-33 - -1 - ((-73 - -29) + 28)) + -9.
-25
What is the value of 6 + -10 + (1 - (-55 - -14) - 13)?
25
Evaluate (-45 - 192) + 117 - -100.
-20
-6 + (-1 - (10 + 7 - 15)) + 60 + -2
49
Calculate (1 - -8) + (0 - -2 - (36 + -35)) - 78.
-68
Calculate 6 + -25 + (43 - -34).
58
Evaluate 64 + -133 - -32 - -68.
31
Evaluate 16 - (-103 - (-276 - -132)).
-25
What is the value of (-9 - (-8 - -11)) + (18 - 11) - (-10 - -1)?
4
Evaluate 16 + 1 - (166 + (128 - 336)).
59
8 + 19 - (27 - 8) - (-18 + 2)
24
What is the value of (-45 - 2) + (23 - -13) + -26 + 5?
-32
Evaluate (0 - 61) + ((-440 - -432) + -1 + -3 - -25).
-48
(-64 - 3) + (-35 - -74)
-28
What is the value of -56 - (69 - 89) - -67?
31
Evaluate (73 - 67) + 2 + 46 - (2 - -7).
45
What is -124 + 79 + -16 + 4 + -36?
-93
-3 + 20 + 15 + -38
-6
What is the value of 41 + -1 + 7 + -9 - ((14 - -7) + -30)?
47
What is the value of 76 + -2 - (1797 - 1682)?
-41
(-1 - (9 + -3 - -2)) + 13 - (5 + 40)
-41
What is the value of 21 - (-102 - -105 - 26)?
44
Calculate 102 - (-61 + 66 - -54).
43
185 + -184 - (5 - (-4 - 17) - 5)
-20
Evaluate 60 + (-110 - -40) - (0 - -24).
-34
417 + -425 + (2 - -9)
3
Evaluate -48 - (29 - 91 - -85).
-71
(-29 - -19) + 10 + -12 + 22
10
Evaluate -84 + -77 - (-20 - 2 - 19).
-120
Evaluate 4 + -33 + 8 - (-2 - 5) - (-117 - -32).
71
(-5 - -16) + (9 + 6 - 2)
24
Evaluate -47 - (44 - -67 - 69).
-89
What is -194 + -85 + 246 + 128 + 0?
95
What is the value of -65 - (5 - (13 + -42 - -3))?
-96
What is the value of 64 - 102 - (-78 + 8)?
32
Evaluate 1 - ((-12 - (1 + -4) - -8 - -2) + -71).
71
Evaluate -7 + 2 + 10 + -7 - (5 + -18 + 34).
-23
Evaluate -1 + 94 - (19 + (-14 + 66 - 51)).
73
5 + -8 - ((-2 - 17) + 0 - (-32 - -24))
8
What is the value of (1 - (-4 + 4)) + 4 - (-655 + 671) - -43?
32
What is the value of 0 + 7 - (6 - (-11 - -34) - -77)?
-53
Calculate 65 - 16 - 20 - -1.
30
-72 - (-102 + -26 + 74)
-18
Evaluate -7 + -5 + (-3 - -24) + (11 - 1).
19
25709 + -25705 + 1 + 19
24
What is the value of -48 + (-52 - -147) - 35 - (-77 - 1)?
90
141 + -175 - ((-13 - -18) + -51)
12
What is 33 + (6 - 2) + -23 + -1 + 19 + 2?
34
What is -47 + 7 + 8 + 38 + -26 + -5?
-25
Calculate 17 + (-268 + 263 - (-3 + (-1 - -1))).
15
8 + (-2 + -28 - (-9 - -7 - -4)) + -7
-31
-61 + 76 - (0 + -24)
39
(23 - 6 - 33) + 57
41
689 + -835 - (-62 - 4)
-80
Evaluate 0 + 4 - ((-17 - (-1 - 1)) + (-263 - -212)).
70
What is the value of 341 + -39 + -248 + (2 - (5 - 1))?
52
Calculate (-5 + -5 + 2 + 22 - (-137 + 137)) + 23.
37
22 + 12 + (-270 - -256)
20
Calculate (62 - 104) + (3 - -1) + (-2 - -3).
-37
What is -1149 + 1193 + (1 + -1 + 2 - (-8 + -1))?
55
(-19633 - -19643) + (-1 - 13) + -2
-6
What is 24 + (104 - 63) + -7?
58
(1 - 16) + (-18 - (-47 + -25))
39
What is the value of -58 - (25 + -81) - 76?
-78
Calculate (-8 - (6 + -7)) + -15 - 35.
-57
Evaluate 14 + -9 + 4 - (10 + (-20 - -4)).
15
Calculate -37 + (-97 + 183 - 34).
15
What is -48 + 4 - (-96 - -2)?
50
Evaluate 15 + (5 + -20 - -16) + 41 + -132.
-75
What is the value of (-7 + 13 - 5) + 51 + -42 + 12?
22
Calculate 43 - 0 - (69 + -14 - 46).
34
What is the value of -147 + (0 - -41) + -63 - -44?
-125
What is 79 - (-4 + -32 + 43 + 2)?
70
What is (-6 - -2 - 34) + -3 + 2 + 1 + 1?
-37
Evaluate (-4288 - -4528) + (-138 - -3).
105
Evaluate 109 + -33 + -2 + -35.
39
What is the value of 19 - (-19 + (124 - -4)) - (8 - (27 + -6))?
-77
Evaluate 12 - 2 - ((126 - 219) + 3).
100
Evaluate 145 + (-354 - -125) + -25.
-109
-1 + -21 + 18 - (-39 - -2)
33
What is the value of -50 - (-11 + 19 - (-2 - (5 + (-6 - 0))))?
-59
Calculate (-12 - -6) + 24 + -1 + (0 - -7).
24
Evaluate 1427 - 1470 - (3 + -3 + -2 - -2).
-43
13 + -10 + -62 + 27 + -76
-108
What is 4 - ((-1271 - -1276) + (-2 + 1 - 7) + -107)?
114
Calculate -1 + -55 - (-66 + -18 + 107).
-79
Calculate (24 - (1 - (25 + -56))) + 1 + -1 + -13.
-21
14 + (-31 - -16 - -70) + -17
52
What is the value of -2 + 12 + (-4 - ((-18 - -32) + -49))?
41
What is the value of 20 + (-74 - (-18 - -16)) + 12?
-40
What is the value of (5 - (-3 - 3)) + (-62 + -26 - -2)?
-7